14.
-7d
-165 (base 12) to base 6
-1005
-25 (base 6) to base 12
-15
-5 (base 14) to base 15
-5
-2 (base 10) to base 5
-2
What is -10 (base 2) in base 14?
-2
Convert 2 (base 3) to base 15.
2
3 (base 6) to base 4
3
Convert -5 (base 15) to base 9.
-5
Convert 19 (base 12) to base 5.
41
What is 45 (base 11) in base 10?
49
Convert 5 (base 12) to base 8.
5
1a (base 11) to base 6
33
Convert 4 (base 5) to base 14.
4
What is -1 (base 5) in base 7?
-1
What is 2 (base 10) in base 14?
2
Convert 11111 (base 2) to base 5.
111
b (base 12) to base 7
14
Convert -5 (base 11) to base 6.
-5
-2 (base 3) to base 12
-2
What is 10 (base 3) in base 12?
3
Convert 10 (base 12) to base 5.
22
Convert -1 (base 3) to base 4.
-1
10 (base 3) to base 11
3
-412 (base 5) to base 3
-10222
Convert -40 (base 12) to base 3.
-1210
What is 5 (base 8) in base 14?
5
122 (base 8) to base 3
10001
Convert 1100 (base 3) to base 7.
51
What is -87 (base 16) in base 2?
-10000111
Convert 123 (base 4) to base 9.
30
0 (base 6) to base 14
0
Convert 16 (base 10) to base 14.
12
3 (base 11) to base 4
3
Convert 11121 (base 3) to base 6.
324
What is 53 (base 14) in base 16?
49
-16 (base 8) to base 16
-e
-5 (base 8) to base 14
-5
-2 (base 13) to base 10
-2
31 (base 6) to base 14
15
7 (base 9) to base 10
7
Convert -2 (base 15) to base 3.
-2
What is 4 (base 11) in base 8?
4
23 (base 5) to base 9
14
What is -6 (base 10) in base 12?
-6
What is -1 (base 15) in base 3?
-1
-2103 (base 4) to base 11
-124
Convert 4 (base 15) to base 5.
4
17 (base 10) to base 11
16
What is -42 (base 5) in base 6?
-34
What is 12120 (base 3) in base 13?
b7
Convert -26 (base 15) to base 8.
-44
What is c (base 16) in base 4?
30
11 (base 8) to base 10
9
Convert -46 (base 7) to base 6.
-54
0 (base 12) to base 5
0
3 (base 14) to base 2
11
Convert 4 (base 11) to base 3.
11
Convert 2 (base 10) to base 4.
2
Convert 1 (base 10) to base 14.
1
-1 (base 5) to base 16
-1
Convert -1230 (base 4) to base 2.
-1101100
What is 5 (base 14) in base 13?
5
What is -157 (base 12) in base 11?
-182
Convert 6 (base 13) to base 11.
6
Convert 8 (base 11) to base 10.
8
What is -2 (base 13) in base 16?
-2
-66 (base 7) to base 14
-36
167 (base 9) to base 6
354
Convert -a (base 12) to base 6.
-14
What is 433 (base 7) in base 3?
22011
What is 6 (base 7) in base 2?
110
Convert -3 (base 14) to base 7.
-3
Convert -7a (base 13) to base 3.
-10202
Convert 5 (base 12) to base 2.
101
93 (base 16) to base 7
300
2 (base 8) to base 4
2
Convert 13 (base 13) to base 15.
11
10 (base 4) to base 16
4
What is -224 (base 6) in base 10?
-88
What is -17 (base 9) in base 13?
-13
9 (base 13) to base 9
10
0 (base 6) to base 3
0
What is 0 (base 16) in base 7?
0
What is 78 (base 11) in base 12?
71
12 (base 12) to base 7
20
-11 (base 3) to base 7
-4
3 (base 9) to base 14
3
What is -3 (base 8) in base 6?
-3
Convert 26 (base 8) to base 3.
211
Convert 3 (base 5) to base 16.
3
-10101 (base 2) to base 12
-19
Convert 5 (base 16) to base 7.
5
Convert -28 (base 16) to base 15.
-2a
Convert -9d (base 14) to base 9.
-164
What is 38 (base 12) in base 9?
48
356 (base 8) to base 6
1034
-31 (base 9) to base 4
-130
Convert -10 (base 8) to base 11.
-8
2 (base 14) to base 3
2
-2 (base 6) to base 12
-2
What is 20 (base 3) in base 2?
110
What is -4 (base 6) in base 14?
-4
Convert 1222 (base 4) to base 11.
97
Convert -205 (base 6) to base 10.
-77
114 (base 5) to base 4
202
What is 2e (base 16) in base 15?
31
-11 (base 14) to base 7
-21
a3 (base 14) to base 16
8f
-6 (base 8) to base 15
-6
What is 16a (base 11) in base 3?
21022
What is -25 (base 6) in base 13?
-14
Convert 26 (base 16) to base 9.
42
-157 (base 10) to base 3
-12211
Convert -3 (base 10) to base 13.
-3
What is 6 (base 11) in base 5?
11
Convert -222 (base 3) to base 10.
-26
Convert -314 (base 5) to base 7.
-150
Convert 22 (base 8) to base 4.
102
20 (base 5) to base 9
11
What is -4 (base 10) in base 2?
-100
Convert -21 (base 3) to base 9.
-7
What is 2a (base 13) in base 3?
1100
Convert 24 (base 9) to base 16.
16
Convert 1322 (base 5) to base 11.
183
Convert 2 (base 5) to base 2.
10
What is -3 (base 12) in base 6?
-3
What is -69 (base 12) in base 14?
-5b
What is 17 (base 11) in base 7?
24
2121 (base 3) to base 15
4a
Convert -2 (base 7) to base 9.
-2
Convert -67 (base 10) to base 6.
-151
What is 8 (base 15) in base 5?
13
Convert -5 (base 16) to base 11.
-5
-2 (base 13) to base 5
-2
Convert 1053 (base 7) to base 5.
3011
19 (base 13) to base 15
17
What is -12 (base 11) in base 12?
-11
Convert 44 (base 10) to base 12.
38
-3 (base 8) to base 2
-11
What is -7 (base 12) in base 3?
-21
Convert -102 (base 3) to base 11.
-10
Convert 10 (base 7) to base 10.
7
Convert 99 (base 13) to base 5.
1001
Convert -30 (base 12) to base 4.
-210
5 (base 11) to base 16
5
Convert 121 (base 8) to base 14.
5b
76 (base 10) to base 3
2211
Convert 41 (base 5) to base 3.
210
What is -211 (base 3) in base 9?
-24
What is -1132 (base 5) in base 4?
-2213
Convert 206 (base 7) to base 11.
95
What is 10 (base 3) in base 10?
3
Convert -11 (base 2) to base 3.
-10
3 (base 15) to base 9
3
Convert 6 (base 8) to base 2.
110
What is 21 (base 8) in base 2?
10001
210 (base 12) to base 16
12c
Convert 104 (base 6) to base 15.
2a
1202 (base 5) to base 3
20120
Convert -101 (base 9) to base 2.
-1010010
Convert -5 (base 6) to base 9.
-5
Convert 2 (base 4) to base 10.
2
-1221 (base 3) to base 11
-48
Convert 0 (base 5) to base 16.
0
26 (base 15) to base 10
36
What is 7 (base 8) in base 2?
111
Convert 16 (base 7) to base 8.
15
-5 (base 15) to base 10
-5
Convert 10 (base 7) to base 8.
7
What is 10 (base 13) in base 11?
12
What is 7 (base 11) in base 2?
111
4 (base 5) to base 15
4
-7 (base 16) to base 4
-13
Convert -2 (base 13) to base 5.
-2
Convert -1 (base 4) to base 7.
-1
Convert 4b (base 16) to base 11.
69
What is -58 (base 16) in base 3?
-10021
36 (base 14) to base 12
40
What is 21 (base 5) in base 11?
10
Convert 3 (base 6) to base 4.
3
1000 (base 2) to base 4
20
What is 12 (base 11) in base 8?
15
232 (base 4) to base 10
46
What is 4 (base 15) in base 5?
4
Convert -2 (base 15) to base 14.
-2
Convert -32 (base 5) to base 12.
-15
Convert 5 (base 15) to base 8.
5
What is -49 (base 12) in base 13?
-45
-7 (base 16) to base 15
-7
10120 (base 3) to base 2
1100000
-30 (base 9) to base 15
-1c
What is -18 (base 11) in base 12?
-17
Convert 7a (base 13) to base 16.
65
Convert -1 (base 13) to base 2.
-1
What is 311 (base 4) in base 11?
49
Convert -8 (base 13) to base 7.
-11
Convert 1 (base 6) to base 15.
1
Convert -15 (base 6) to base 12.
-b
Convert -5 (base 8) to base 12.
-5
Convert -16 (base 12) to base 3.
-200
-3 (base 16) to base 2
-11
Convert 4d (base 15) to base 11.
67
Convert 3 (base 11) to base 6.
3
Convert -a4 (base 11) to base 7.
-222
Convert -22 (base 3) to base 9.
-8
What is 1 (base 14) in base 5?
1
What is -1 (base 10) in base 6?
-1
Convert 2 (base 15) to base 12.
2
Convert 10 (base 11) to base 9.
12
What is 10 (base 12) in base 13?
c
0 (base 12) to base 2
0
-6 (base 9) to base 3
-20
Convert 22 (base 14) to base 13.
24
What is -58 (base 11) in base 16?
-3f
-6 (base 16) to base 13
-6
1001 (base 2) to base 16
9
4 (base 14) to base 15
4
What is 6 (base 12) in base 15?
6
What is 5 (base 13) in base 7?
5
-122 (base 6) to base 9
-55
Convert 15 (base 7) to base 8.
14
-140 (base 7) to base 9
-85
Convert -3 (base 7) to base 3.
-10
Convert -b4 (base 16) to base 5.
-1210
Convert -414 (base 6) to base 12.
-10a
-1100000 (base 2) to base 14
-6c
What is 13 (base 14) in base 16?
11
Convert -14 (base 8) to base 6.
-20
What is -69 (base 10) in base 16?
-45
What is 12 (base 6) in base 13?
8
-1f (base 16) to base 5
-111
Convert 1 (base 8) to base 5.
1
-212 (base 3) to base 12
-1b
Convert 17 (base 13) to base 16.
14
What is 3 (base 9) in base 10?
3
0 (base 9) to base 16
0
-452 (base 7) to base 6
-1025
What is 4 (base 10) in base 15?
4
287 (base 12) to base 4
12013
What is -14 (base 10) in base 2?
-1110
What is 2 (base 12) in base 8?
2
What is -165 (base 9) in base 3?
-12012
Convert 316 (base 9) to base 5.
2013
What is -82 (base 9) in base 3?
-2202
What is -132 (base 12) in base 13?
-110
What is -13 (base 14) in base 6?
-25
Convert -22 (base 5) to base 11.
-11
What is 4 (base 13) in base 10?
4
What is 3 (base 16) in base 6?
